42. What is the remainder when 25 is divided by g?
1
Let i = -10790 - -10848. What is the remainder when 404 is divided by i?
56
Suppose 0 = -4*j + 4*b + 768, j = -22*b + 17*b + 192. What is the remainder when j is divided by 26?
10
Suppose -3*h - 300 = -2*l, -l - 6*h = -2*h - 128. Suppose -7*x = 2*x - l. Calculate the remainder when 93 is divided by x.
13
Let g = 5 + 10. Suppose -2892 = m - 3084. Calculate the remainder when m is divided by g.
12
Let w(h) = -h**3 + 71*h**2 + 235*h - 66. What is the remainder when w(74) is divided by 60?
56
Suppose -317*f - 2834 = -319*f. Calculate the remainder when f is divided by 89.
82
Suppose 2*c + 14*z - 727 = 19*z, 0 = -c - 2*z + 377. What is the remainder when c is divided by 189?
182
Let b(g) = -2*g**2 - g + 97. Calculate the remainder when 2105 is divided by b(-6).
28
Suppose -5*s + 3097 = 2927. Suppose a - 49 = 3*y + 86, 3*a - 405 = -5*y. Calculate the remainder when a is divided by s.
33
Let a = -2088 + 2100. What is the remainder when 261 is divided by a?
9
Let w = 10 - -61. Let g = -1 + -1. Calculate the remainder when w is divided by 26 - -1*(1 + g).
21
Suppose -80*x + 216 = -44*x. Suppose -2*a - 50 = -4*a. What is the remainder when a is divided by x?
1
Calculate the remainder when 86 is divided by 59 + ((-8)/(-48) - (-3)/(-18)).
27
Let y = 284 - 282. Suppose 5*n - 333 = -y*f, -5*n - f + 329 = -0*f. What is the remainder when 185 is divided by n?
55
Let d(b) = b**3 - 5*b**2 + b. Let f(j) = -2*j**3 + 5*j**2 - 2*j - 7. Let y be f(3). Let k = y - -28. What is the remainder when d(k) is divided by 15?
12
Let g = 8371 - 7298. Calculate the remainder when g is divided by 54.
47
Calculate the remainder when 1074 is divided by 273/117*(-3)/4*-48.
66
Suppose 0 = 211*h - 195*h - 22096. Calculate the remainder when h is divided by 8.
5
What is the remainder when 14 + (14 - (-152 - 17)) is divided by 108?
89
Let y(o) = -6*o + 118. Let z be y(-27). Let k = z - 209. Calculate the remainder when k is divided by 37.
34
Suppose -2*q - 1 = -2*s + 11, -4*q + s - 12 = 0. Calculate the remainder when ((-228)/q)/(36/8 - 3) is divided by 26.
24
Let v = 907 + -288. Calculate the remainder when v is divided by 303.
13
What is the remainder when 1065 is divided by 483/(-22) + 22 - 3937/(-22)?
170
Suppose -5*l = -2*l - 426. Suppose -9554*a = -9521*a - 693. Calculate the remainder when l is divided by a.
16
Suppose 23*a - 5*u = 24*a + 391, -3*a + 5*u = 1253. Let g = a + 424. What is the remainder when g is divided by 9?
4
What is the remainder when 5596 is divided by (4/10)/((-5)/(-1925)*11)?
10
Suppose -2*g = 2*w - 714, w - 118*g + 116*g = 354. Calculate the remainder when w is divided by 329.
27
Let z(b) = 4*b**2 - 227*b - 1179. Calculate the remainder when 848 is divided by z(-5).
8
Suppose -3*k + 54 + 30 = 0. What is the remainder when 79 is divided by 460/k + 3/(-7)?
15
Suppose -578 + 20 = -6*a. Let g = -63 + a. Let n = g - 20. Calculate the remainder when 47 is divided by n.
7
Suppose 27*z - 244 = 24*z + 2*r, -4*r = -3*z + 248. Let u = -15 + 33. Suppose 0*f = 2*f - u. Calculate the remainder when z is divided by f.
8
Let i = -181 - -182. Let b(j) = 238*j**2 + 20*j - 19. What is the remainder when b(i) is divided by 20?
19
Let o = -354 + 382. Calculate the remainder when o is divided by (1 - (-3)/((-6)/4))*-17.
11
Let k = 180 - 172. Suppose -x - k*x = -1431. Calculate the remainder when x is divided by 51.
6
Let t(q) = q**3 + 7*q**2 + 10*q + 3. Let r be (-32)/6 - 5/(-15). Let j be t(r). Suppose j*m = -5*m + 216. Calculate the remainder when m is divided by 9.
0
Let l = 135 + -127. What is the remainder when (-6)/8 - (-1110)/l is divided by 35?
33
Let z(n) = -n**2 + n + 158. Let d(m) = 9*m - 133. Let s be 2 + 475/38*6/5. What is the remainder when z(0) is divided by d(s)?
18
Let b(q) = q**3 + 3*q**2 - 2*q + 11. Let o be b(-4). Suppose -o*f = 5*c - 454, -338 = -5*c + 5*f + 92. Calculate the remainder when c is divided by 19.
13
Let k be (-6314)/(-21) + -7 + (-4)/(-12). Let a = -263 + k. What is the remainder when 85 is divided by a?
23
Let d be (304/24 - 7)*39. Let t = -208 + d. Calculate the remainder when 0/(-1) + 0 + 50 is divided by t.
11
Calculate the remainder when 515 is divided by (-63 - -93)*30/9.
15
Suppose 4*o = -o + 190. Let x = -33 + o. Suppose -a + 7 = -w, 2*a - 5*w - 13 = -x. Calculate the remainder when 15 is divided by a.
6
Suppose 9*d + 12 = 3*d. Let i be (1/d)/(3/(-132)). Let c = i + -7. Calculate the remainder when 25 is divided by c.
10
Suppose 4*i + 32 - 48 = 0. What is the remainder when i - ((-2880)/(-75))/((-2)/10) is divided by 20?
16
Let k(y) = -y**3 - 20*y**2 - 22*y - 4. What is the remainder when k(-19) is divided by ((-8)/(-3 + 1))/(1720/4730)?
9
Suppose -2*h = -17 - 5. Let o(p) = -p**2 - 8*p + 14. Let f be o(-9). Suppose 3*g + f*u = 60, -g + 5*u + 40 = g. What is the remainder when g is divided by h?
9
Let b be (-28)/(-3)*330/35. What is the remainder when 143 is divided by -10*(-7)/(112/b)?
33
Suppose 7*w + 12*w = 665. Let b(q) = q**2 - 33*q - 111. Calculate the remainder when b(37) is divided by w.
2
Let a(x) = x**2 + 15*x - 3. Suppose -4*v = -0*v + 64. What is the remainder when 24 is divided by a(v)?
11
Let w(h) = 4*h**3 - 3*h**2 - 4*h + 13. Suppose 246 = 5*d - 104. What is the remainder when d is divided by w(2)?
20
Calculate the remainder when 2814 is divided by (-47763)/(-522) - (6/(-4))/(-1).
24
Let f = -1134 + 2240. Suppose 7*n + f = 14*n. What is the remainder when n is divided by 32?
30
Let t(b) = b**2 - 9*b - 9. Suppose -4*o = 2*g + 26, 0 = g - 2*g + o - 16. Let f(z) = -z - 8. Calculate the remainder when t(12) is divided by f(g).
6
Let r = -1247 + 1325. Calculate the remainder when r is divided by 40.
38
Let d(j) = 6*j**2 + 9*j + 6. Let s be d(6). Let o = -234 + s. Calculate the remainder when o is divided by 18.
6
Let i(f) be the third derivative of 1/12*f**4 + 1/2*f**3 + 0*f + 0 + 8*f**2. Calculate the remainder when i(6) is divided by 4.
3
Suppose -12*x + 56247 - 55995 = 0. What is the remainder when 250 is divided by x?
19
Let s(z) = -z + 24. Let u be s(12). Let a = u - 1. Let j(n) = n**3 - 11*n**2 + n - 2. Calculate the remainder when 34 is divided by j(a).
7
Calculate the remainder when 773 is divided by (12319/(-381))/(2/(-6)).
94
Let z(g) = -g**2 + 63*g - 65. What is the remainder when 783 is divided by z(61)?
42
Let i = 73 - 73. Suppose 2*f = -2*l + 105 - 21, i = 2*l + 4*f - 86. Let x(h) = h + 21. Calculate the remainder when l is divided by x(-6).
11
Suppose -2*y + 95 = -45 - 24. What is the remainder when 592 is divided by y?
18
Suppose -183*r + 2400*r - 3857580 = 0. Let d(l) = 11*l - 5. What is the remainder when r is divided by d(8)?
80
Let h be ((-10)/(-15))/((-2)/(-12)). Let g be 60/24*h/2. Suppose -5*v + 5*z + 65 = 0, g*v - 3*z - 26 = 41. Calculate the remainder when 83 is divided by v.
13
Suppose 13*u + 548 = 7334. What is the remainder when u is divided by -3*(-70)/28*(1 - -1)?
12
Let h = -5276 + 5298. Calculate the remainder when 2959 is divided by h.
11
Let d = 183 + -182. Let o be (-5 - 3/(-1)) + 59. Calculate the remainder when (-1 - d)/((-6)/o) is divided by 4.
3
Let y(z) = z**3 + 56*z**2 - 60*z + 16. Let q = 117 - 57. What is the remainder when y(-57) is divided by q?
7
Suppose -h + 7 = 2*g + 4*h, -g + 5*h + 26 = 0. Let a be 1/6*2*-24. Calculate the remainder when (-2223)/(-72) + (-1)/a is divided by g.
9
Let a(v) = -176*v + 2328. Let d be ((-10)/6)/(1/(-3)). Suppose -g + 2*x = -d*g + 636, -5*g = -4*x - 782. What is the remainder when g is divided by a(13)?
38
Suppose 0 = 2*o - y - 46458, 46448 = 2*o - 158*y + 162*y. Calculate the remainder when o is divided by 87.
86
Let t be (0 - (1 + -4))/(9/9). Suppose 4*h + 3*u - 672 = -0*u, -504 = -t*h - u. What is the remainder when h is divided by 17?
15
Let q = -3203 + 3231. What is the remainder when 2098 is divided by q?
26
Let f(r) = -r**2 + 2*r + 19. Let d be f(-4). Calculate the remainder when d/(40/48) + 222 is divided by 44.
40
Let h = 173 + -26. Suppose -167 = -2*z + h. What is the remainder when z is divided by 40?
37
Suppose 148 = 5*p + 78. Suppose p*z = 40*z - 988. What is the remainder when 83 is divided by z?
7
Calculate the remainder when ((-60)/450 - 32/(-90)) + (-14083)/(-9) is divided by 